ainder when x(u) is divided by 24.
21
Suppose -378 = -66*t + 24*t. What is the remainder when 30 is divided by t?
3
Let f = -2462 + 2857. Calculate the remainder when f is divided by 57.
53
Suppose 2*h - 11 = -3*x, -x - 30 = -4*h - 43. What is the remainder when 43 is divided by x?
3
Let i(c) = -c**2 - 3. Let r be i(0). Calculate the remainder when 117 is divided by 2/r - (-62)/3.
17
Let y be (-5)/15 + 1/3. Let h be 7 - y/(4 - 2). Suppose 2*f + h = 81. Calculate the remainder when f is divided by 10.
7
Let d = 18 - 13. Suppose -d*p + 4 = -191. Calculate the remainder when p is divided by -2 + (-1 - -27 - 3).
18
Suppose 0 = 4*p + 3*x - 122, -4*x + 24 = p - 0*p. Calculate the remainder when p is divided by 19.
13
Let m = -29 + 67. Let x = 56 - m. Calculate the remainder when x is divided by 7.
4
Suppose -13*p + 37 = 5*w - 10*p, 4*w + 3*p = 29. Suppose 0*j - 3*l = -3*j + 81, j = -l + 17. What is the remainder when j is divided by w?
6
Suppose 3*a - 4*j = 81, j + 0*j = -2*a + 65. Calculate the remainder when 48 is divided by a.
17
Suppose 26*a - 138 = -20*a. What is the remainder when 506 is divided by a?
2
Let h be ((-6)/15)/(2/(-60)). Let i(b) = 18*b**2 - b - 2. Let k be i(-1). Let p = k - h. Calculate the remainder when 8 is divided by p.
3
What is the remainder when 267 is divided by 135/3*30/75?
15
Suppose 0 = -4*j + 2 - 22, -5*j - 30 = -c. Let y(k) = 2*k + 1 + c*k + 5*k + 0*k. Calculate the remainder when y(3) is divided by 19.
18
Let z = 254 - 252. What is the remainder when 32 is divided by z?
0
What is the remainder when 163 is divided by 167/4 + ((-102)/(-24) - 4)?
37
Let s(c) = c**3 - 25*c**2 - 23*c - 9. What is the remainder when 272 is divided by s(26)?
65
Let p(x) = x**2 + 7*x + 2. Let b be p(-7). Let v(d) = 5*d + 2 + b - 5. Calculate the remainder when v(2) is divided by 4.
1
Suppose 0 = 4*l - 2*l - 22. Let s(h) = 3*h**2 + 18*h + 43. Calculate the remainder when s(-6) is divided by l.
10
Suppose 132 - 71 = k. What is the remainder when k is divided by 40?
21
Suppose 1003 - 2328 = -m. What is the remainder when m is divided by 26?
25
Suppose 0 = 4*r - 160 - 160. Suppose 0*d = -4*d + r. What is the remainder when 18 is divided by 1*(-1)/((-4)/d)?
3
Suppose 4*x + 3*r = 25, -4*x + 28 = -r - 1. Let f = 16 + 17. Let h = -14 + f. Calculate the remainder when h is divided by x.
5
Suppose -5*j + 3*k + 689 = 0, -3*k - 287 = -2*j + 2*k. What is the remainder when j is divided by 76?
60
Suppose -x - 529 + 585 = 0. Calculate the remainder when 103 is divided by x.
47
Let b(c) = -c**3 + c**2 - c + 27. Let w be b(0). Let a = -31 + w. Calculate the remainder when (38/a)/((-9)/36) is divided by 10.
8
Suppose 21 = v + 2*k, -41 = 5*k - 16. Let b(x) = x**3 + 6*x**2 - 6*x + 2. What is the remainder when b(-5) is divided by v?
26
Let u(s) = 17*s - 14. Let w be u(1). Suppose -c + 5*c - 129 = -w*k, 4*c - 159 = 3*k. Calculate the remainder when c is divided by 22.
14
Let w(x) = 145*x**2 - 3*x + 2. Calculate the remainder when w(1) is divided by 35.
4
Suppose -4*j - q = -9, 0 = 5*j + 4*q - 2 - 1. Suppose -90*z = -136*z + 1058. Calculate the remainder when z is divided by j.
2
Let y = -2 - -23. Suppose -2*c = 0, 0 = w - 0*c + 3*c - y. Let a = 33 - w. Calculate the remainder when 44 is divided by a.
8
Suppose 20*z - 675 = 2805. What is the remainder when z is divided by 25?
24
Let d(l) = 2*l - 9. Let r be d(7). Suppose 85 = r*y + 15. What is the remainder when (-33)/(-2)*y/21 is divided by 6?
5
Calculate the remainder when 88 is divided by (216/18)/((-4)/(-3)).
7
Let v be (1 - -2)/((-18)/(-24)). Suppose -f - v*f = 115. Let j = f - -33. What is the remainder when 19 is divided by j?
9
Calculate the remainder when 72 is divided by (3885/(-28))/15*(-4 - 0).
35
Let m(w) = -w + 3. Let v be m(0). Suppose -22 = 4*h + 2*s - 0, 24 = -3*h - v*s. What is the remainder when 19 is divided by h/(-4)*4 - -8?
8
Suppose -33 = -15*p + 14*p. Let q = p - 15. Calculate the remainder when q is divided by 4.
2
Let z(l) = -l**3 + 9*l**2 + 3*l - 9. Let p be (-53)/(-7) - 4*1/7. Calculate the remainder when z(p) is divided by 14.
12
Let k = 37 + -25. What is the remainder when ((-30)/(-50))/((-1)/(-95)) is divided by k?
9
Let a(x) = -x**3 + 14*x**2 + 16*x + 10. Let q(n) = n**3 + 5*n**2 - 2*n + 8. Let c be q(-6). Let z = 31 + c. Calculate the remainder when 49 is divided by a(z).
24
Let m(g) = 13*g + 107. Calculate the remainder when m(-6) is divided by 5.
4
Suppose -9*q + 30 = 111. Let m(s) = s**2 + 33. Let v be m(0). Let x = v + q. What is the remainder when x is divided by 13?
11
Suppose 5*m + 4*f - 102 = 0, 0 = m - 0*f - 5*f - 3. Calculate the remainder when 36 is divided by m.
0
What is the remainder when 158 is divided by 11/((-121)/(-11))*(-80)/(-2)?
38
Suppose -5*j + 3*i = -64, 4*j + 21*i - 26*i = 46. Calculate the remainder when 37 is divided by j.
9
What is the remainder when -7 - 7/((-21)/267) is divided by 17?
14
Let y = 10 - 27. Let m = -6 - y. Suppose -3*s + 0*s = -12. Calculate the remainder when m is divided by s.
3
Let y(s) = -8*s + 29. Let f(p) = 7*p - 28. Let d(x) = -7*f(x) - 6*y(x). Calculate the remainder when 82 is divided by d(10).
10
Suppose -30 = -5*d + 25. Let v(f) = 0*f**2 + d*f**3 - 9*f**3 + 6*f**2 - 3*f**3 - 4 - 4*f. What is the remainder when 21 is divided by v(4)?
9
Suppose 49*j = 54*j - 375. Suppose -6 = 2*t - 4*t, n - 4*t = j. What is the remainder when n is divided by 22?
21
Let g(y) = -y**3 + 10*y**2 + y - 3. What is the remainder when (-105)/14*56/(-60)*3 is divided by g(10)?
0
Suppose -23*g + 24*g - 22 = 0. Calculate the remainder when 239 is divided by g.
19
Suppose u - 4*u = -54. Suppose -p - 2*p = 0. Suppose -2*d + 4*m + m + 23 = 0, p = 5*m + 15. What is the remainder when u is divided by d?
2
Suppose -l + 58 = 5*b, 0 = 3*l + 3*b - 83 - 55. Calculate the remainder when 686 is divided by l.
41
Let g(x) = -x**3 + 8*x**2 - 5*x - 13. What is the remainder when 25 is divided by g(7)?
0
Let l(h) = -h + 7. Let o be l(4). Suppose o*z + 2 = 143. What is the remainder when z is divided by 17?
13
Let p(o) be the third derivative of o**5/30 + o**4/6 + o**3/2 + 10*o**2. What is the remainder when 33 is divided by p(-4)?
14
Let a = 14 + -11. Suppose -6*z = -a*z - 66. Calculate the remainder when 41 is divided by z.
19
Suppose 18*y = 8*y + 620. Calculate the remainder when y is divided by 8.
6
Suppose 19 - 58 = -3*p. Let v = p + 0. Calculate the remainder when ((-27)/15 + 2)/(4/460) is divided by v.
10
Suppose 116*r = 113*r - 5*a + 147, 0 = r - 3*a - 21. Suppose 0 = 5*x + t + 3*t - 572, 5*x - 582 = t. Calculate the remainder when x is divided by r.
38
Let v = -8 - -10. Let l be 20 + (0 + 2)/v. Let u = l - 15. Calculate the remainder when 15 is divided by u.
3
Let u(f) = -33 + f**3 + 6*f + 33 - 4*f**2. Let j be u(6). Suppose 2*l + j = 6*l. What is the remainder when 105 is divided by l?
24
Let y = -49 - -71. Let h(n) = 14*n + 62. Suppose 0 = 2*v + 13 - 5. What is the remainder when y is divided by h(v)?
4
Let z = 227 - 141. Suppose 5*p + z = 5*n - 129, n - 51 = -p. Calculate the remainder when n is divided by 16.
15
Suppose 0*n + 3*n = 0. Suppose 8 = f - n. Let p(s) = 2*s**2 - 10*s + 2. Calculate the remainder when p(6) is divided by f.
6
Suppose 0 = -3*b - 6, -2*b = 4*s - b - 234. Calculate the remainder when s is divided by 36/(15/5) - 2.
9
Let c = 626 - 525. What is the remainder when c is divided by 19?
6
Let g = 536 - 504. What is the remainder when 349 is divided by g?
29
Suppose 944*z = 952*z - 1088. Calculate the remainder when z is divided by 63.
10
Let g(d) = -99*d + 674. Calculate the remainder when g(5) is divided by 63.
53
Let a be (-40)/(-3) + (-3)/9. Let q = a + 57. Suppose 0 = g + 3 - 39. Calculate the remainder when q is divided by g.
34
Let p be 1/((-4)/(-10)) - 5/(-10). Suppose -p*c = c - 84. What is the remainder when c is divided by 6?
3
Let t(k) = k**3 + 8*k**2 + 7*k - 10. Let o be t(-6). Let f = -13 + 4. Let d = f + o. Calculate the remainder when 20 is divided by d.
9
Suppose -2*b - 3*c - 57 = -6*b, 4*c - 92 = -4*b. Calculate the remainder when b is divided by (-141)/(-27) - (-18)/(-81).
3
Suppose -8*f + 9*f = 3*s - 342, 3*f + 456 = 4*s. Calculate the remainder when s is divided by 40.
34
Suppose 0 = 2*r - 3*w - 2*w - 53, -r + w + 19 =